2
Calculate (6 + 11 - 12) + 2.
7
(-2 - 2) + (53 - 46)
3
What is -1 + 6 + (-5 - -1)?
1
What is the value of -4 + 2 + 8 + -4 - 12?
-10
What is the value of 0 + -7 + (5 - 4 - -1)?
-5
-10 + 5 + (6 - 1)
0
What is the value of -1 + 1 + -2 + 2 + 0?
0
(21 - 16) + (5 - 4) + -5
1
Evaluate 1 + 0 + -6 + 9 + -5.
-1
18 + -13 - (14 + (-6 - -2))
-5
(-11 - (4 + 1 - 9)) + 4
-3
What is the value of -1 - (-1 + -1 + -3)?
4
Evaluate 3 - (-1 - ((-6 - -10) + -4)).
4
Evaluate 6 + -3 + -4 + 3 - 4.
-2
What is -2 - (18 - 9 - 12)?
1
Calculate -8 + 6 + -7 + 9.
0
What is 2 + 0 + 1 + -6?
-3
Calculate -1 - (5 + (-4 + -3 - -5)).
-4
What is 3 - (-7 + 6) - 7?
-3
What is 0 + 3 + 3 + -10?
-4
Calculate (20 - 23) + (14 - (0 + 3)).
8
Evaluate (-25 - -25) + (-7 - -1) - -7.
1
What is the value of 4 + -7 - (-7 - 0)?
4
(-18 + 21 - (-2 + 1)) + -1
3
Evaluate -1 - 4 - (-7 - 10 - -11).
1
What is the value of 1 + -9 - (-1 + 2 + -8)?
-1
Evaluate -6 + 12 - 4 - (5 + -1).
-2
What is 5 - (3 + (9 - 2))?
-5
Evaluate 4 - (-13 + 13 - (1 - 0)).
5
What is (6 + (-5 - -4) - 2) + -12?
-9
Calculate -182 + 176 - (-1 - 0).
-5
Evaluate -13 + 6 + -1 + 5.
-3
Calculate (-11 - -3 - 0) + 11.
3
-3 + 0 + 7 - -1
5
2 + -4 - (20 + -24)
2
-1 + 0 + (0 + 0 - 1)
-2
What is 1 - (11 + (-11 - -9))?
-8
(10 - (1 + 1)) + -9
-1
What is (-5 + 23 - 20) + 0 + -4?
-6
What is the value of -12 + 1 - (-7 + 1)?
-5
What is the value of 7 + (-15 - -10) + (3 - -2)?
7
Evaluate 1 + 0 - -2 - -1.
4
Evaluate 0 - (0 - -7 - 15).
8
What is the value of 9 + (-5 - -1) - (-1 - -1)?
5
What is (-4 - (-2 + 4)) + (-11 - -12)?
-5
Evaluate 0 - (-5 - (-4 - -3)).
4
What is the value of 15 + (-4 - 1) - (9 + -5)?
6
(-17 - -23) + (2 - 6)
2
Calculate 1 + (-7 - -5) + 4.
3
(-1 - (-7 + -1)) + 1
8
Evaluate -1 - (-15 - (1 - 4) - -6).
5
What is 23 - 18 - (-2 + 0 + 9)?
-2
1 + 3 + 4 + -3
5
Evaluate -7 + (0 - 3) + 10.
0
-25 + 26 - (3 - 0)
-2
What is the value of 9 + -6 - (6 - 2)?
-1
What is 3 - (1 + (6 - 6) + 0)?
2
Evaluate (4 - 11) + 1 - -1.
-5
What is the value of -1 - (-8 + 16) - -3?
-6
1 + (-2 - (3 + -3 + -3))
2
What is (-1 - -5) + (-11 - -21) + -13?
1
What is -2 - (-2 - (3 - 3))?
0
Evaluate -15 + 24 + -13 + 1 + 0.
-3
Calculate 1 + -2 + 0 + 4.
3
What is the value of -4 + (-1 - (-3 + 0))?
-2
What is the value of 0 + (2 - 8) + 8?
2
Calculate (-5 - (-6 - (4 + -5))) + 5.
5
Calculate 10 + (-11 - 12) + 12.
-1
Evaluate -6 - ((-10 - -7) + (0 - 1)).
-2
What is the value of 3 - ((3 - -3) + -2)?
-1
Evaluate -4 - (0 - (0 + 8)).
4
Evaluate 2 + 3 + (-47 - -46).
4
31 + -29 - (-1 + 7)
-4
Calculate 5 + (-8 - -5) - (-2 + 2).
2
What is the value of 1 + 2 - (1 - 1)?
3
What is the value of 7 + -12 + -6 - -7?
-4
What is the value of (-4 + 2 - -4) + (-48 - -43)?
-3
What is the value of 3 - (0 + 8 + -1 + -3)?
-1
-10 + -3 + 4 + -1 + 6
-4
Calculate 1 - -1 - (-1 - (2 + -1)).
4
What is 7 + -6 + -8 + 4?
-3
7 + 6 + (4 - 22)
-5
What is 3 - (-4 - -13) - -3?
-3
What is -29 + 27 - (2 + 0 + -7)?
3
What is the value of (5 - 2) + -7 + 0?
-4
(2 + -8 - -11) + (4 - 0)
9
What is the value of -3 - (5 - (12 - (5 + -3)))?
2
Evaluate -3 - (-2 + -8 + 5 + 4).
-2
What is the value of (8 - (-6 - -8)) + -11?
-5
What is the value of -8 - (12 + -9 - 10)?
-1
What is the value of 3 + -14 + 2 + 5 + 2?
-2
What is 7 - (2 - 5 - -8)?
2
(-2 - (14 + -2)) + 9
-5
What is -1 - -6 - (-19 - -27)?
-3
What is (-5 - -3) + -2 - (-7 - -3)?
0
4 - (1 - -1) - (4 - 8)
6
What is (3 - 6) + 17 + -19?
-5
Calculate (1 + -1 - (20 + -14)) + 5.
-1
What is -3 + 3 - (0 + 2) - -7?
5
What is -1 + (1 - (5 + -6) - -5)?
6
Calculate 3 - 9 - (-7 - -2) - 0.
-1
Calculate (0 - 0) + (73 - 77).
-4
Calculate -5 + (2 - 5 - -7).
-1
What is the value of (5 - 11) + 3 + -1?
-4
What is (-3 - -1 - 12) + (2 - -4)?
-8
What is -3 - (-8 + -2 + 6)?
1
What is the value of (-2 - -5) + -26 + 25 + 3?
5
What is the value of (-7 - -1) + (2 - 6) + 2?
-8
Calculate 0 - (8 + 5 + -4 + -17).
8
What is 2 + -8 - -2 - (22 - 28)?
2
Calculate -5 + -20 + 11 - (-7 + 0).
-7
Evaluate -5 + (-4 - -6) + 5 - 1.
1
What is the value of -10 + 9 + -6 + -1?
-8
What is the value of 3 + (-3 - (-3 - -6))?
-3
Calculate 3 + (6 - 5 - 9).
-5
Calculate 1 - (0 + 4 + (1 - 2)).
-2
Evaluate 187 - 176 - (3 - 0).
8
What is the value of 0 + 3 + (4 - 3 - 5)?
-1
Calculate -4 + 0 + (-3 - (-15 - -4)).
4
(4 - (15 - 7)) + 3
-1
0 - (-5 + 5 - 5)
5
What is the value of -2 - 2 - (6 - 15)?
5
Calculate (2 - 7) + 12 + -3.
4
What is 3 + (-2 - -3) - 3 - -2?
3
What is the value of -3 - -2 - -3 - (6 + -2)?
-2
Evaluate -9 + 8 - (2 - 4).
1
Calculate -7 - (8 + 9 + -31).
7
What is the value of (0 - 7) + 13 - 11?
-5
-3 + 10 + (8 - (14 - 7))
8
What is the value of -5 + -3 - (6 + -17)?
3
-4 - (4 - ((7 - 9) + 1))
-9
9 - 3 - 6 - (4 + -1)
-3
What is (1 - 6) + 15 + -1?
9
Calculate -4 - (8 + -2) - -13.
3
Calculate (-8 - -6) + 3 + 3.
4
What is -5 - (-5 - (2 - 5))?
-3
Evaluate (34 - 34) + -1 + 2.
1
Calculate 4 + 1 + -1 + (2 - 0).
6
0 + -8 + 4 + (-2 - -3)
-3
Evaluate (13 - 9) + 1 - 15.
-10
Calculate (3 - -2) + 9 + -29 + 13.
-2
Calculate 7 - (18 + -10) - 0.
-1
What is the value of (-1 - 0 - -5) + -10?
-6
What is the value of 6 - (4 - 1) - (2 - -1)?
0
7 - (-6 - -6 - -5)
2
-24 - -26 - ((4 - 0) + -1)
-1
Evaluate 19 + -18 + 0 + -4.
-3
Evaluate -8 + (-1 - (4 + -4)) + 4.
-5
Calculate -13 - (2 + -3 + -7).
-5
What is (-16 - -18) + -1 + (1 - 3)?
-1
Calculate -3 + 8 + (2 - (7 - 6)).
6
Calculate (-4 - (-3 + -1)) + -3.
-3
(-9 - (-1 - 7)) + -1 + 1
-1
Calculate -8 + (2 - 2) - (1 + -3).
-6
Evaluate -5 - (-2 + 1 + 3 + -5).
-2
(-11 - -2) + 11 - 4
-2
Calculate -4 + -3 - -3 - 1.
-5
Evaluate -2 - (1 + 5 + -1 + -2).
-5
Calculate (4 + 2 - 3) + (2 - 8).
-3
(-4 - -9) + (2 - 11) - -2
-2
-1 - -6 - (7 - 3)
1
2 + -1 - (-5 + 10 + -10)
6
What is 1 + (5 - 9) - (3 + -1)?
-5
What is the value of (-8 + 6 - -7) + -1?
4
What is 15 + -5 + 0 + -6?
4
-3 - (6 - (5 + 0))
-4
Evaluate 0 - ((-1 - (-4 + 2)) + -1).
0
What is -7 + (-2 - 0) + (4 - 0)?
-5
What is the value of (2 + -2 - 2) + 3 + -4?
-3
8 + 5 - 4 - 6
3
Evaluate (4 + 3 - 17) + 3 + 6.
-1
0 - (-1 + 0 + -6)
7
8 + (-7 - (7 - (19 + -6)))
7
What is (1 + -3 - 2) + -7 + 6?
-5
(-35 - -41) + -10 + (-1 - -1)
-4
Calculate -4 + (-9 - -1) + 11.
-1
What is the value of 8 + 1 + -19 + 11?
1
What is 0 + (4 - 8) + 1?
-3
Evaluate (-13 - -12) + -3 + 16 - 5.
7
-10 + 7 + -3 + 9
3
Calculate -6 - ((-1 - -4) + -6).
-3
What is -2 + 2 - (1 + -5 - -5)?
-1
Calculate -1 + -2 + -13 + 20.
4
Calculate -2 + (-3 - (6 + -14)) - 10.
-7
Evaluate (-1 - 1) + (-3 - (2 - 8)).
1
-1 + -5 + -4 + 14 + 1
5
What is -105 + 103 + 0 + (1 - -3)?
2
Evaluate (5 + -4 - (-7 + 2)) + 1.
7
-8 + 6 + (0 - 0) - 3
-5
Evaluate 1 + -7 + 1 - -6.
1
Calculate 13 - (-8 + 14) - (0 - -3).
4
(1 - -9) + -3 - 8
-1
(-5 + 5 + -3 - 7) + 1
-9
What is 2 - (5 + -1 + (5 - 13))?
6
Calculate 2 + -11 + (-3 - -9).
-3
0 - (-8 - -7) - 4
-3
Evaluate 0 + -5 + 11 + 0.
6
What is the value of 4 - (-1 + 6 + -3)?
2
Evaluate -6 + 6 + -1 - (0 + 0).
-1
-5 + 3 + -5 + (-8 - -10)
-5
-1 + -1 + 1 + 3
2
What is -3 - (-1 - -1) - (4 - 8)?
1
What is the value of 9 - (7 - 7) - 12?
-3
Evaluate (8 - (-7 - -22)) + 1.
-6
What is the value of -7 + 2 - (2 + -12 - 1)?
6
Evaluate 0 - -9 - (2 - -3).
4
Calculate -5 + 1 + -8 + -5 + 8.
-9
38 + -31 + (4 - 14)
-3
What is the value of 3 - (4 - -7) - (0 + -3)?
-5
Calculate 6 + 2 + -6 + -1.
1
What is the value of 0 + -1 + (2 - 4 - 2)?
-5
2 + -6 + (5 - 4)
-3
(-7 - -6) + -3 - -6
2
Evaluate -3 + 3 - (0 + 4).
-4
Calculate 0 - (-8 + 7) - 7.
-6
Calculate 0 + (3 - 11) + 11.
3
What is 8 - 1 - (-8 + 11)?
4
Evaluate -4 + 0 + (3 - 2).
-3
-14 + 19 + (1 - 1)
5
3 + (4 - 4) + -8
-5
What is 1 + (-4 + -3 - (-5 - -6))?
-7
Calculate (-5 + 4 + -4 - 6) + 5.
-6
What is -5 - (-2 + (1 - -4))?
-8
What is the value of 0 - 7 - 1 - (26 + -30)?
-4
-11 + 1 - -10 - (-1 - -3)
-2
Evaluate 0 + 1 + (-13 - -15).
3
What is the value of -8 + -1 + -42 + 43 + 5?
-3
(-3 - -9) + (1 - 4) - 3
0
4 - (0 - (-10 - (-6 - -1)))
-1
Calculate (7 - 13) + 5 - (-11 - -6).
4
Evaluate 2 + 1 + -6 + (14 - 13).
-2
What is (-4 - (-2 - 0 - -1)) + 6?
3
Calculate 4 + (0 - 3) + 5.
6
1 + 8 + (-57 - -61) + -4
9
Evaluate 3 + 8 + -26 + 11.
-4
Evaluate (-24 - (-4 - 10)) + 15.
5
What is 2 + 7 + (-6 - -2) + -4?
1
-1 - -1 - (-1 + (-5 - -5))
1
What is the value of 6 + (2 - 8 - 1)?
-1
(9 - 5 - -2) + -3
3
What is the value of -4 + -6 + 18 + -11?
-3
Calculate -2 - (-3 - 0) - (-2 -